uppose -404 = -40*u + 916. Calculate the highest common factor of u and x.
11
Suppose -153 = -18*t + 81. Calculate the highest common factor of 793 and t.
13
Suppose -q + 1155 = 4*q. Let c = -568 + 541. Let k be 455/(-39)*c/15. What is the greatest common factor of q and k?
21
Suppose 56954*o - 20007 = 56953*o. What is the highest common divisor of o and 117?
117
Let r(o) = -6*o**3 - o**2 - o - 4. Let v be r(-3). Let j = -223 + 266. Suppose b + 8 = -4*i + 79, 2*i - b = j. Calculate the highest common divisor of i and v.
19
Let y(x) = -3*x + 8. Let n be y(-4). Suppose -9*i + n = i. Let j be -2*5*(-4)/10. What is the highest common divisor of j and i?
2
Let k be 180/8 - (-2)/(-4). Let v = -74 + 77. Suppose 2 + 31 = v*s. Calculate the greatest common divisor of s and k.
11
Let d(l) = l**2 - 82*l + 2070. Let c be d(30). Calculate the greatest common factor of c and 1632.
102
Let b = 232 + 6. Suppose 4*m - 66 = 342. Calculate the greatest common factor of m and b.
34
Let a be 4/10*(31 - -34). Let o be ((-120)/7)/((-2)/14). Suppose 0 = 20*h - a*h + o. Calculate the greatest common factor of 5 and h.
5
Let t = -31790 + 41024. Calculate the highest common factor of t and 38.
38
Let x = -858 + 1034. What is the highest common divisor of x and 3740?
44
Suppose 0 = -2*a - 6, -3*n + a + 13 = -4*n. Let v(x) = x + 17. Let h be v(n). Calculate the highest common divisor of 7 and h.
7
Let n = -48 + 50. Suppose i + 26 = -n*c - 0, -5*i - 144 = 3*c. Let r = i - -46. What is the highest common divisor of r and 16?
16
Let m be 247/3 + 2/(-6). Suppose -920 = -l + 3*r, -2778*l - r = -2777*l - 896. What is the highest common divisor of l and m?
82
Suppose -7084 = -4*f - 186*g + 184*g, 3*g - 1791 = -f. What is the greatest common divisor of 38 and f?
19
Let b(h) = 12*h**2 + h + 3. Let l = -8 - -11. Let t be b(l). Let k = 980 + -942. Calculate the highest common factor of t and k.
38
Let l = -73 + 71. Let p be l/4*-5*(-17 + 7). Let q = 75 + p. What is the highest common factor of q and 50?
50
Let l = 886 - 423. Let d = 513 - l. What is the highest common divisor of d and 400?
50
Let a = -18 + 20. Suppose p = -4*x + 12, -5*p + 7 = -4*x + 43. Suppose 2*k - 2*s + 2 = 0, -5*k = x*s + s - 25. What is the highest common factor of k and a?
2
Let y be (-28)/16*(-28)/(-7)*-172. What is the highest common divisor of y and 28?
28
Let k be (34/(-8))/(61/(-732)). What is the greatest common factor of k and 272?
17
Suppose 123 + 82 = x. Suppose 334*r + 4*h = 339*r - 1246, 2*h + 254 = r. Calculate the highest common divisor of r and x.
41
Suppose -c + 2*s + 408 = -s, 4*s = -2*c + 836. Let y(d) = -29*d + 31*d + c*d**2 - 44*d**2. Let k be y(-1). Calculate the greatest common divisor of k and 46.
46
Suppose -8*a + 8748 = 46*a. What is the highest common divisor of a and 6?
6
Let j(p) = -2*p**2 - 15*p - 8. Let s be j(-6). Let w be 10/(-1)*(15/s)/(-3). What is the greatest common divisor of w and 5?
5
Let u = 19145 - 17347. Calculate the greatest common factor of u and 682.
62
Suppose 4*f = -4*a + 92, 4*a - 9*f - 110 = -7*f. Let s(r) = r**2 - 27*r + 28. Let y be s(a). Calculate the highest common divisor of y and 18.
2
Let r be (-5564)/12 - 7*2/42. Let j = r + 516. Calculate the highest common divisor of 20 and j.
4
Let q = 1281 + -1200. Calculate the greatest common factor of q and 729.
81
Let m(c) = -c**3 - 88*c**2 - 336*c + 234. Let k be m(-84). Calculate the highest common divisor of k and 1566.
18
Suppose 4 = 43*q - 45*q. Let y be (5/1)/(((-5)/q)/5). What is the greatest common factor of y and 70?
10
Let s = -12484 - -13500. What is the greatest common divisor of s and 3683?
127
Suppose 0*f = -15*f - 345. Let p(o) = -4*o - 71. Let q be p(f). What is the highest common factor of 42 and q?
21
Let u be -246*(-1 + 7/3). Let r be (-28)/10 - (-12)/(-60) - u. What is the highest common divisor of 25 and r?
25
Let f be -3953*(-10 - (4 + -16) - 3). Calculate the highest common divisor of f and 871.
67
Let j(n) = n + 220. Let u be j(0). Suppose -482 = -5*a - 3*o, -4*a + 439 = 4*o + 63. What is the greatest common divisor of u and a?
20
Let g(r) = 2*r - 10. Let i be g(8). Let j be (2 - 17)/((-9)/i). Suppose 10*a - 1548 = -1508. What is the highest common factor of j and a?
2
Suppose 0 = -5*j - 1361 + 1366. Let g be (-3 + j)*4*(6 - 7). What is the greatest common divisor of 232 and g?
8
Let l(t) = -5*t - 215. Let h be l(-7). Let g be (30/h)/((-1)/366). What is the highest common divisor of 305 and g?
61
Suppose -660 = -130*r + r + 1404. Calculate the greatest common factor of r and 3640.
8
Let i be -18 + (1 - -13) - -9. Calculate the highest common factor of 635 and i.
5
Suppose 28*w - 24*w + 3*x = 1895, 2*w = 2*x + 958. Calculate the greatest common factor of 3451 and w.
119
Let u(c) = -38*c - 105. Let n be u(-3). Let z = 314 - 215. Let l be z - ((2 - 0) + -2). Calculate the greatest common divisor of n and l.
9
Let b(p) = p**3 + 8*p**2 - 16*p - 89. Let w be b(-8). Calculate the greatest common factor of 78 and w.
39
Let i = 371 - 157. Suppose -i*a + 211*a = -690. Calculate the greatest common divisor of 10 and a.
10
Let r(q) = 8*q**3 + 95*q**2 + 4*q + 66. Let o be r(-11). Calculate the highest common factor of o and 11.
11
Let i be ((-30)/(-21))/(-20 + (-16055)/(-798)). What is the greatest common divisor of i and 162?
6
Let m(l) = 6*l + 461 - 226 - 231. Let s be m(4). What is the highest common divisor of 4 and s?
4
Let f be 4070 + 16 + -8 + -19. What is the greatest common factor of 861 and f?
123
Let l be 169 + -22 + -1*3. Let f = -98 + l. What is the greatest common factor of f and 69?
23
Suppose -12*c + 6 = -9*c. Suppose 5*u + 5*f - 305 = 935, c*u = 5*f + 531. Let w = 54 - 31. Calculate the highest common divisor of u and w.
23
Let i(j) = j**3 + 40*j**2 + 41*j + 97. Let o be i(-39). Suppose 0 = -4*k - 3*s + 76, 2*k + s = 59 - o. Calculate the greatest common divisor of 638 and k.
22
Let m(s) = 6*s + 259. Suppose -2*r - 4*n - 111 + 31 = 0, 3*r = -3*n - 123. Let p be m(r). What is the greatest common factor of p and 20?
1
Let w(a) = -39*a + 18. Let g be w(-6). Let x = -283 - -198. Let f = -57 - x. What is the greatest common divisor of g and f?
28
Suppose 5*x + 2*j - 92 = 0, -4*x + 73 = -j + 2*j. What is the highest common divisor of 2682 and x?
18
Let p(x) = -x - 153. Let r be p(-14). Let f = 907 + r. What is the greatest common factor of 48 and f?
48
Let t(h) = h**2 - h - 34. Let a be t(10). Let p be 18/(((-5)/(-20))/(-2 + 3)). Calculate the greatest common divisor of a and p.
8
Suppose 8*r - 7817 = -2991 + 8774. What is the highest common divisor of r and 476?
68
Suppose 0 = 5*u + 3 - 43. Let j = -6 + u. Let i = 122424 + -122410. What is the highest common divisor of i and j?
2
Suppose w + 12*w = 507. Let v be (-26)/w + (-88)/(-6). Let c(t) = 2*t - 8. Let m be c(11). Calculate the highest common factor of v and m.
14
Let u(b) = b**3 - 6*b**2 - 67*b - 93. Let o be u(-2). Calculate the greatest common divisor of 1368 and o.
9
Let h be 240*((-21)/(-7) - (-63)/(-5)). Let x be ((-2)/(-4))/((-4)/h). Suppose 50*p = 48*p + x. Calculate the highest common divisor of 18 and p.
18
Let w be (-9 - -3) + 0 + 6. Suppose 0 = 3*o - 54 - 306. Suppose -15*c + 7*c + o = w. Calculate the greatest common factor of 15 and c.
15
Let m(w) = -6669*w + 1710. Let h be m(-2). What is the greatest common divisor of 72 and h?
72
Let h be (224 - -1007) + 1 + 8. What is the greatest common divisor of h and 682?
62
Suppose 2607 = 3*h - 5*v, -4*h - 3646*v = -3645*v - 3499. Calculate the greatest common divisor of h and 207.
23
Let x(h) = 3*h - 51. Let w(m) = -m + 52. Let o(y) = 5*w(y) + 4*x(y). Let l be o(32). What is the greatest common divisor of l and 120?
40
Suppose -364 = -2*g - 4*b, -5*g - 27*b = -31*b - 938. What is the greatest common divisor of 2914 and g?
62
Suppose -8*s - 21576 = -70*s. Calculate the greatest common factor of 1827 and s.
87
Let d = 5 + 3. Suppose d = -6*x + 20. Suppose -53 = 4*p - 141. Calculate the greatest common divisor of x and p.
2
Let q be ((-596)/14)/(30/(-210)). Let c = q + -276. Let f be (10/3)/((-8)/(-132)). What is the greatest common divisor of f and c?
11
Let w be 114/76*(223 - 1). Let s = 24 - -13. Calculate the highest common divisor of w and s.
37
Let z be 26 + (0 - 2) + -1